reatest common factor of 979433 and 1022203?
4277
What is the greatest common divisor of 7792 and 80?
16
Calculate the greatest common factor of 9564972 and 4920.
492
What is the highest common divisor of 14218050 and 1848?
462
Calculate the greatest common divisor of 18466 and 168758136.
2638
Calculate the highest common divisor of 1366992 and 837.
9
Calculate the highest common factor of 3155 and 37228369.
631
Calculate the highest common divisor of 4 and 33935308.
4
What is the greatest common factor of 15612 and 867072?
12
What is the highest common factor of 179952 and 25852?
92
Calculate the greatest common factor of 3808 and 7894936.
952
Calculate the highest common divisor of 5442086 and 351.
13
What is the greatest common factor of 663510 and 75480?
510
What is the greatest common factor of 13237 and 157000275?
1891
What is the greatest common factor of 2074420 and 13091?
1007
What is the greatest common divisor of 522 and 732195828?
522
What is the greatest common divisor of 16984 and 6991232?
1544
Calculate the highest common factor of 2773 and 72142663.
59
What is the highest common factor of 7415005 and 130?
65
What is the greatest common divisor of 14724896 and 208?
16
What is the highest common factor of 170655 and 7355?
5
Calculate the highest common divisor of 236831 and 20125.
161
Calculate the greatest common factor of 36507 and 7092807.
129
Calculate the greatest common divisor of 5715 and 8157210.
1905
Calculate the greatest common divisor of 672866730 and 81.
27
What is the highest common factor of 35443618 and 469?
7
Calculate the highest common factor of 99012 and 15207.
111
Calculate the highest common factor of 3388 and 4268396.
484
What is the highest common factor of 213317256 and 139269?
10713
Calculate the highest common factor of 514852 and 1937.
13
What is the highest common divisor of 2328 and 3332587872?
2328
What is the greatest common divisor of 8250 and 751938?
66
Calculate the highest common divisor of 91 and 4821677.
7
What is the highest common factor of 136916 and 156?
52
What is the greatest common factor of 1146970472 and 8?
8
What is the greatest common divisor of 16 and 3793612?
4
What is the greatest common factor of 5860 and 4880?
20
Calculate the greatest common divisor of 635 and 21013166.
127
What is the greatest common divisor of 300 and 21963670?
10
What is the highest common factor of 36942926 and 1160?
58
Calculate the highest common divisor of 477 and 8664493.
53
What is the highest common factor of 8758592 and 3837?
1279
What is the greatest common divisor of 16079887 and 3?
1
Calculate the greatest common divisor of 38423 and 157684.
499
What is the greatest common factor of 84 and 1466893848?
84
What is the highest common factor of 732 and 235836?
12
Calculate the greatest common factor of 213183461 and 453.
151
Calculate the highest common divisor of 883968 and 608.
32
Calculate the highest common factor of 268002 and 31941.
189
Calculate the highest common factor of 2224 and 1726832.
16
What is the greatest common factor of 96750173 and 9399?
3133
What is the highest common divisor of 1967310 and 288?
18
What is the highest common divisor of 41550 and 346050?
150
What is the greatest common factor of 29889 and 4870431?
369
What is the highest common factor of 28194 and 9666732?
762
Calculate the greatest common factor of 152234775 and 1485.
1485
Calculate the highest common factor of 557190 and 169120.
1510
Calculate the highest common factor of 2 and 3593728.
2
Calculate the greatest common factor of 190 and 63772550.
190
What is the highest common divisor of 189375329 and 429?
143
Calculate the highest common divisor of 7488094 and 332.
166
Calculate the greatest common factor of 111 and 22969748.
37
What is the highest common factor of 18415 and 16887425?
145
Calculate the highest common divisor of 1415340 and 7155.
135
What is the highest common factor of 42470210 and 1885?
145
Calculate the highest common factor of 88949403 and 2286.
1143
What is the greatest common factor of 1769649 and 10149?
51
What is the greatest common factor of 773469 and 53946?
729
Calculate the highest common divisor of 10615 and 17183755.
965
What is the highest common factor of 784263 and 10659?
57
Calculate the greatest common factor of 1115 and 1378270.
5
What is the highest common factor of 14 and 2686625144?
14
What is the greatest common divisor of 160920977 and 1414?
707
Calculate the greatest common factor of 6195 and 67648.
7
Calculate the highest common divisor of 119261 and 7485.
499
What is the highest common divisor of 35451 and 540306?
117
What is the greatest common factor of 22 and 10114478?
22
Calculate the highest common factor of 170 and 1119365510.
170
What is the highest common factor of 12240 and 67266960?
4080
Calculate the highest common factor of 167694 and 19665.
57
Calculate the greatest common divisor of 44320 and 768320.
160
What is the highest common factor of 483 and 3314001?
69
What is the highest common factor of 25794 and 458?
2
Calculate the greatest common divisor of 5824688 and 800.
16
What is the highest common divisor of 1981564 and 20882?
106
Calculate the greatest common divisor of 300 and 14552625.
75
What is the highest common divisor of 6 and 900123?
3
Calculate the highest common divisor of 3282687 and 91561.
1501
What is the highest common divisor of 1321552 and 6?
2
Calculate the greatest common divisor of 9660 and 22919316.
1932
What is the highest common factor of 6395 and 22232857?
1279
What is the greatest common factor of 26635 and 946050?
35
What is the greatest common factor of 938 and 7281158?
134
What is the greatest common factor of 6302104 and 12751?
311
What is the highest common factor of 1260 and 10689?
21
Calculate the greatest common factor of 574 and 28872774.
574
Calculate the highest common divisor of 5939424 and 23124.
492
What is the highest common factor of 712072697 and 217?
217
What is the greatest common divisor of 1750314 and 599313?
381
Calculate the highest common factor of 15 and 10986150.
15
What is the highest common factor of 320044 and 1054?
62
What is the highest common factor of 19413744 and 294?
42
What is the greatest common divisor of 4472475 and 300?
75
What is the greatest common divisor of 6495 and 8348673?
1299
Calculate the greatest common factor of 355472 and 8164.
52
What is the greatest common factor of 3210 and 48229822?
214
What is the highest common factor of 20 and 139603055?
5
Calculate the highest common factor of 31226 and 13362326.
2402
What is the highest common factor of 44469 and 113277?
183
What is the greatest common factor of 84 and 135471?
21
Calculate the highest common factor of 734498851 and 68605.
13721
Calculate the greatest common factor of 18276785 and 424.
53
What is the greatest common divisor of 705469037 and 2366?
1183
What is the highest common divisor of 154765758 and 3668?
1834
What is the greatest common factor of 1227290 and 53280?
370
Calculate the highest common divisor of 1523 and 165024665.
1523
Calculate the greatest common divisor of 1770879 and 248127.
3399
Calculate the highest common divisor of 762168336 and 8.
8
Calculate the highest common factor of 2526 and 445418.
842
Calculate the greatest common factor of 713138 and 207.
23
Calculate the greatest common divisor of 353764225 and 2150.
1075
What is the highest common factor of 125074 and 826576?
5438
Calculate the greatest common divisor of 42 and 108776962.
14
What is the highest common factor of 5049269 and 1273?
19
Calculate the greatest common factor of 52920 and 20402280.
1080
Calculate the highest common factor of 9061 and 734383.
221
What is the highest common factor of 33231180 and 660?
60
What is the greatest common divisor of 43655643 and 153?
153
Calculate the greatest common divisor of 33283064 and 25064.
1928
Calculate the greatest common factor of 2355912 and 360.
72
Calculate the greatest common divisor of 12357 and 63540.
9
Calculate the highest common factor of 126 and 706990221.
63
Calculate the highest common factor of 3906 and 49136238.
18
What is the greatest common divisor of 33611 and 1075001?
551
Calculate the greatest common factor of 287488 and 32512.
256
Calculate the highest common divi